n divisor of x and 42?
42
Let s be 8 + -6 + (-1 - -1). Suppose -5*c - 20 = -5*v + 45, -4*v - 3*c + 66 = 0. Suppose 18 = -12*g + v*g. Calculate the highest common divisor of s and g.
2
Let q = -1522 + 1705. What is the greatest common factor of q and 488?
61
Let u(o) = -o**2 + 8*o. Let k be u(8). Suppose k = y - 42 + 6. Let p be 11/(-33)*y/(-2). Calculate the highest common factor of 18 and p.
6
Let m = 1774 + -1763. Let f(p) = 4*p**2 - 2*p + 2. Let o be f(-3). What is the highest common divisor of m and o?
11
Suppose -5*f + b + 62 = 0, -5*b - 25 + 66 = 2*f. Let m = 532 - 441. What is the highest common divisor of f and m?
13
Let i = 12 + 6. Let p = 6 + i. Calculate the greatest common factor of 12 and p.
12
Let l(j) be the first derivative of 3 + 40/3*j**3 + 1/2*j**2 - j. Let p be l(1). What is the greatest common factor of p and 16?
8
Let w(r) = 550*r**2 - 5*r + 4. Let d be w(1). Calculate the greatest common factor of d and 61.
61
Suppose 5*w - j - 399 = 0, j + 81 = w + 2*j. Suppose -3*h - 38 = 121. Let g = h + w. What is the highest common divisor of g and 27?
27
Suppose -l + 462 = 2*l. Suppose 0 = -0*h + 8*h + 176. Let w be 3/(-12)*h*4. Calculate the greatest common divisor of l and w.
22
Suppose 16*v - 23*v + 119 = 0. What is the greatest common factor of 136 and v?
17
Let a(p) = -p**2 + 11*p - 7. Let n be a(11). Let c = n + 17. Suppose -9*j = -7*j - c. Calculate the highest common divisor of 55 and j.
5
Let p = -626 + 666. Let o = -11 - -41. What is the greatest common divisor of o and p?
10
Let m(g) = 25*g**3 + 2*g**2 - g - 2. Let w be m(2). Suppose 0 = 7*l - w + 78. What is the greatest common divisor of l and 12?
6
Let h(b) = -3*b**3 - 15*b**2 - 15*b + 12. Let r be h(-4). Calculate the highest common factor of r and 1.
1
Suppose 35 = -p - 3*c + 4*c, 0 = -c + 4. Let z = -9 - p. Let h be 4/(-8) + 46/4. What is the greatest common divisor of h and z?
11
Suppose 6 = -2*g + 12, -y + 5*g = 11. What is the greatest common divisor of 362 and y?
2
Let c be (-20)/8*(-128)/20. Let t = c + -14. Let u = 3 - 2. What is the highest common factor of t and u?
1
Suppose -2*n - 45 = -5*q, n + q + 15 = -4*q. Let d = n - -23. What is the highest common divisor of 12 and d?
3
Suppose -276 + 21 = -3*i. Let q = i + -55. Let t = -12 + 24. Calculate the highest common divisor of t and q.
6
Let q(x) = 21*x - 1. Let p be q(1). Suppose -2*v - 2*v + 12 = 0. Suppose 0 = v*z - 115 - 35. What is the greatest common factor of p and z?
10
Let f = -62 + 64. Suppose 0 = -4*r + 16, -n + 18 = -f*r + 5*r. Calculate the greatest common divisor of n and 9.
3
Let u be (64/128)/(2/4*(-3)/(-288)). Let t = 0 - -12. Calculate the greatest common divisor of t and u.
12
Let k(w) = 7*w**2 + 9*w + 17. Let q(h) = -6*h**2 - 9*h - 16. Let a(s) = 5*k(s) + 6*q(s). Let r be a(-3). What is the greatest common divisor of r and 14?
7
Let s be (-4)/((-48)/582) - 1/2. Suppose -5*g + i = -s, -2*g + 3*i = 8*i - 3. What is the highest common divisor of g and 9?
9
Let z(a) = -a**3 + 14*a**2 + a + 30. Let k be z(14). What is the highest common factor of k and 253?
11
Suppose -51*u + 28*u + 7797 = 0. What is the highest common divisor of u and 904?
113
Let i be ((2 - -2) + 24)*54/21. Calculate the greatest common divisor of 32 and i.
8
Suppose 2*j = a - 42, -5*a - 2*j + 234 = -0*a. What is the highest common factor of a and 115?
23
Let t = 392 + -333. Calculate the greatest common factor of 1357 and t.
59
Let j = -44 + 98. Let q = 152 - j. Suppose -61*s + 58*s = -42. Calculate the highest common divisor of s and q.
14
Let c(g) = 21*g + 186. Let b be c(-8). What is the greatest common divisor of 132 and b?
6
Let c = 247 - 152. Calculate the highest common factor of 133 and c.
19
Let b be (28/(-21))/(2/3). Let q = b + 8. What is the greatest common divisor of 18 and q?
6
Let k(p) = -p**3 + 2*p**2 - p - 1. Let t be k(-2). What is the highest common factor of t and 136?
17
Let o(f) = f**2 + 7*f - 2. Let a be o(-8). Let b(t) = t**3 + 15*t**2 - 36*t - 254. Let q be b(-16). What is the greatest common divisor of a and q?
6
Let r = 6 + -2. Suppose j - 4*p = -81 - 26, 0 = 3*j - 3*p + 285. Let u = -71 - j. What is the greatest common divisor of u and r?
4
Let s(k) be the third derivative of k**5/60 - 2*k**3/3 - 30*k**2. Let g = 7 - 3. Let i be s(g). What is the highest common factor of i and 30?
6
Let z(r) = 2*r**3 - 2*r**2 - 5*r + 3. Let g be z(3). Suppose 0 = 10*q - 26 - 54. What is the greatest common divisor of q and g?
8
Suppose 834 = 7*l + 141. Let t be (11 - 9)*(l/(-6))/(-3). What is the greatest common divisor of t and 22?
11
Suppose -8*d + 4*d = -20. Let x be (13 + -2 + -2)*21. Let n = x + -134. What is the highest common factor of d and n?
5
Let n be 1*6/((-66)/(-7733)). Calculate the highest common factor of 38 and n.
19
Suppose -f = -6*f + 30. Let t(a) = -2*a**3 + 11*a**2 + 7*a + 7. Let p be t(f). Calculate the highest common factor of 117 and p.
13
Let i = -42 + 192. Suppose 2*t + i = 5*t. What is the greatest common divisor of t and 75?
25
Suppose -6*k + 88 = 5*k. Suppose 3*x - 1 = 5. Suppose -10 = -3*r - x*r. What is the highest common factor of r and k?
2
Suppose 3 = -3*k - 5*m, 2*k - 5*m - 19 = k. Suppose 103 = -3*z - k*f, -f + 3*f = 10. Let d = 13 - z. What is the greatest common divisor of 6 and d?
6
Let c = 162 + -97. Let p be 8 - 1*(2 - -2). Suppose 3*g + 41 = 3*v + 4*g, 47 = 3*v + p*g. What is the greatest common divisor of c and v?
13
Let a = 280 - 272. Calculate the greatest common divisor of 6 and a.
2
Let v(f) = -f**3 + 8*f**2 - 8*f + 16. Suppose 2*n - 3 = 11. Let t be v(n). Calculate the highest common factor of 27 and t.
9
Suppose -2*q + 5*a = -97, -34*q - 5*a - 51 = -35*q. What is the highest common factor of 23 and q?
23
Suppose 0 = 4*q + q + f - 1102, 882 = 4*q + f. Let o = -154 + q. Calculate the highest common factor of o and 6.
6
Let z = -48 - -31. Let t = z + 19. Suppose -6*l + t*l + 4*h = -76, l - 19 = -4*h. What is the greatest common divisor of 171 and l?
19
Let b = -184 - -399. What is the highest common factor of b and 301?
43
Suppose 0 = -2*z + 2*t - 5*t - 1, 3*z - 24 = 4*t. Suppose 5*m + 23 = -2*j + 8, z*j = 5*m + 45. Calculate the highest common factor of 5 and j.
5
Suppose -7*p + 2*p = 10, -4*g + 5*p + 1438 = 0. What is the greatest common factor of g and 21?
21
Suppose -4*r + 3*s + 18 = 0, -r - 3*s - s = 5. Suppose 4 - 34 = r*q. Let b = q - -13. What is the greatest common divisor of b and 33?
3
Let p be (-6219)/(-27) + (-15)/(-9). Let u = -33 + 62. What is the highest common factor of u and p?
29
Suppose h = 4*k + 41, 0 = -3*h + k - 35 + 125. What is the greatest common factor of 725 and h?
29
Let h(n) = n**3 + 4*n**2 - 7*n - 3. Let r be h(-5). Let z be 3/(-7) - (-18565)/329. Calculate the highest common factor of z and r.
7
Suppose 972 = 4*c - 3*h, 4*c - 972 = -0*c - 3*h. What is the highest common divisor of 18 and c?
9
Suppose -8*q = -102 - 1914. Calculate the greatest common factor of 12 and q.
12
Let m = 22 - -29. Let g = 1947 - 1913. What is the highest common factor of m and g?
17
Let i = -6606 + 4446. Let s be ((-2)/4)/(10/i). Suppose 2*g - 3*c - 21 = 0, 0*c - 16 = -g - 4*c. What is the highest common divisor of g and s?
12
Suppose 8 = n - 3*n. Let p be 0*-1*(-2)/n. Suppose p = -c - 4*c + 15. What is the greatest common divisor of 3 and c?
3
Let n be ((-1088)/85)/(4/(-10)). Calculate the highest common divisor of 64 and n.
32
Suppose -5*g - 34 = 6. Let q = -3 - g. Suppose 341 + 134 = q*s. Calculate the highest common factor of s and 38.
19
Suppose 0 = -3*v + 3*f + 18 + 36, 4*v = 2*f + 64. What is the highest common divisor of 1918 and v?
14
Suppose 0*l + 2*l + 16 = c, 0 = l + 2*c - 2. Let h be (114/(-21))/(-2) + l/(-21). Calculate the highest common factor of 39 and h.
3
Let f(h) = 5*h**2 - 29*h + 24. Let q be f(6). What is the highest common factor of 1185 and q?
15
Suppose 690 = 50*v - 46*v - 2*z, v - 177 = 5*z. What is the highest common divisor of 4 and v?
4
Let n(p) = -p**2 - 6*p - 4. Let s be n(-4). Let i(z) = z**2 + 6*z + 7. Let k be i(-5). Suppose s*u - k = 22. What is the greatest common factor of u and 3?
3
Let f = 604 - 553. What is the greatest common divisor of 85 and f?
17
Suppose -29 - 39 = -2*s - 2*q, 0 = -s + q + 44. Calculate the highe